93*b. Let k(c) = 392*c + 1. Let y(g) = 2*k(g) + 5*l(g). Let t be 1/1 + (-1 - 1). Is y(t) a prime number?
False
Let s(l) be the third derivative of -2*l**2 + 0 + 35/24*l**4 + 5*l + 11/3*l**3. Is s(9) composite?
False
Suppose -107*d + 16*d + 3620617 = 0. Is d a prime number?
False
Suppose -112*m + 13*m + 4660159 = -42696392. Is m prime?
False
Suppose 176505 = 3*c - 3*m, 5*c - 2*m - 58837 = 4*c. Suppose 0 = -0*q + 27*q - c. Is q prime?
True
Let j(m) = 389*m**3 - m**2 + 3*m - 2. Suppose 0 = 3*g + g - 8. Let c be (-2)/(-4)*(-3 + (7 - g)). Is j(c) a composite number?
False
Suppose -4*t - 845912 + 2697820 = l, 2*t + l = 925952. Is t/108 - 1/(-6) - 2 composite?
True
Suppose 6*h - 20 = -4*c + 5*h, 2*h = -5*c + 28. Let r = 7805 + -4483. Suppose c*p - r - 2794 = 0. Is p prime?
False
Let p(f) be the third derivative of 2*f**6/3 + 3*f**4/8 - 11*f**3/6 - 21*f**2. Let q be p(5). Let w = q + -5763. Is w a composite number?
False
Let y(s) = 4*s**2 - 27*s + 12. Let k(q) = 3*q**2 - 13*q + 6. Let a(h) = 7*k(h) - 3*y(h). Is a(-13) composite?
False
Let b(y) = -243*y - 39. Let u(n) = 121*n + 19. Let a(x) = -6*b(x) - 11*u(x). Suppose 5 + 1 = j. Is a(j) prime?
True
Is (-18655680)/(-96) + (-1 - -3) + 1 composite?
True
Let x = -2097 - -8098. Is x a composite number?
True
Let i(v) = -89*v - 49. Let q be i(8). Let m = 750 - q. Is m a prime number?
True
Let j(c) = -11*c**3 + 13*c**2 - 9*c - 13. Let w(r) = 32*r**2 + 6*r**2 - 18*r**2 - 13*r - 16*r**3 - 20. Let o(q) = 7*j(q) - 5*w(q). Is o(7) prime?
False
Let r be (-10)/4 + (-2)/(-4). Let y(i) = -799*i**3 - 3*i**2 - 9*i + 3. Let b(m) = -m**3 - m**2 - 2*m. Let j(v) = -6*b(v) + y(v). Is j(r) a composite number?
False
Suppose 15*x - 23 = -23. Suppose 2*q - 5*h = 3987, 6*q + h = 5*q + 2004. Suppose x = c + 2*c - q. Is c a composite number?
True
Suppose -120*w + 3 = -119*w. Let u(h) = 35*h**2 - 16*h + h**w - 6*h - 40 + 7*h. Is u(-27) prime?
True
Suppose 0 = -h + 3*h, -159 = 3*v - 5*h. Let s = v + 61. Is (-822)/s*-2*(22 - 20) composite?
True
Let g(u) = 809*u + 38. Let j(o) = -806*o - 37. Let i(p) = -4*g(p) - 5*j(p). Is i(14) prime?
True
Let p be (-38)/14 + (-34)/119. Let y be p/((-8)/(48/9)). Is ((-1761)/(-6))/(1/y) a prime number?
True
Let x(l) = 5*l**3 - 26*l**2 + 98*l + 65. Is x(24) a composite number?
True
Suppose 10742 = w - 83739. Let i = w + -67396. Is i a prime number?
False
Let t(f) = f**3 - 40*f**2 + 29*f - 27. Let a be t(38). Suppose 0*q + 2*q = -b - 2520, -1260 = q + b. Let y = q - a. Is y a prime number?
False
Is 61265/3 + (-96)/(-288) a composite number?
True
Let j(f) = 132*f**2 + 12*f + 43. Let t(b) = -b**2 + 2*b - 1. Let q(c) = j(c) - 6*t(c). Is q(-10) a composite number?
True
Suppose -5*u - 16 = -21. Let g be u/(211596/(-52900) - -4). Let q = 18734 - g. Is q prime?
False
Suppose 4*o - f - 1517 = -o, 5*o - 1505 = -5*f. Suppose x + 1172 = v - 3*x, -4*v - 5*x + 4583 = 0. Suppose 4*h - o = -l, -4*l = -10*h + 6*h - v. Is l composite?
True
Let a(y) = 178717*y + 5647. Is a(4) prime?
False
Is 196/(-28)*(-470202)/42 a composite number?
False
Let d(g) = 30*g**2 - 17*g - 15. Let x be d(-12). Suppose 5*h = -3656 - x. Let n = 2316 + h. Is n a composite number?
False
Let u be (-50)/(-6) + -1 + 8/12. Is (-557)/(((-1)/(-1))/(u + -9)) prime?
True
Let f(k) = -20 - 6*k**2 - 8 + 9 - k**3. Suppose -65*x + 56 = 706. Is f(x) a prime number?
False
Let o(w) = 160*w**2 - 35*w - 7117. Is o(110) a composite number?
True
Suppose 0 = -4*l - 2*r + 8, -7*l + 6*l = 5*r - 20. Suppose 3*m - 2116 - 3119 = l. Is m prime?
False
Let m = -233273 - -500908. Is m composite?
True
Suppose w + 1830 = 15803. Let v = w - 3328. Is v composite?
True
Suppose 20 = 5*s + 5. Suppose 0 = s*l - 3*a - 1218, 55*l = 50*l + 3*a + 2024. Is l a composite number?
True
Let x(m) = -51*m**2 + 9*m + 95*m**2 - 1 + 134*m**2. Is x(-3) composite?
True
Suppose 15*b + 12755089 = 49*b + 4174883. Is b a prime number?
True
Suppose -2*o - 270 = -7*o. Let x = 59 - o. Suppose -5*u - 9966 = -2*a - 2*a, -2*a + x*u + 4988 = 0. Is a a composite number?
True
Suppose 10*a = 11*a - 5. Suppose -a*h + 111 = -2*w, 4*h + 5*w + 56 = 158. Let g = h - -46. Is g prime?
False
Suppose -18*v + 20*v - 1 = 5*y, -y + 3 = 0. Suppose 14006 = 2*c + 3*i, v*i - 12*i = 3*c - 21007. Is c a prime number?
True
Let q = -10031 - -14660. Suppose 0 = -4*z + z + q. Is z prime?
True
Suppose 2*m = -0*m + 3*f - 143, 3 = -f. Let l be (75/20)/(m/(-32) - 2). Is (-4)/(-10) + (-636)/l*-16 a prime number?
False
Suppose 158*h = 154*h - 124. Let b = 425 + h. Is b a prime number?
False
Suppose 426*d = 453*d - 4798953. Is d prime?
True
Suppose 0 = -4*m + 4*a + 1242032, 371526 - 1924018 = -5*m - 3*a. Is m composite?
True
Suppose 0 = 53*z + 166484 - 440547. Is z composite?
False
Let y = -55 + 60. Suppose 0 = 4*q + 5*r - 1895 - 4362, -y*q - 4*r = -7810. Let g = -1073 + q. Is g prime?
False
Suppose 105*v - 171*v = -106*v + 4402040. Is v composite?
False
Let a be ((-22)/(-55))/(-2 + (-541)/(-270)). Is (-3 - (1 - 2))*(-97254)/a a composite number?
False
Suppose 52*a - 128*a = -29417396. Is a a prime number?
True
Let i(q) = -4*q + 2 + 2*q + q**3 + 3*q**2 + 3*q**2. Suppose -65*a = -56*a + 54. Is i(a) a prime number?
False
Is (10/(-5) - 24129230/(-40))/((-9)/(-12)) prime?
False
Let o(v) = 17*v**2 - v - 1. Let k be o(-1). Let r(l) be the first derivative of 151*l**2/2 - 52*l + 160. Is r(k) a prime number?
False
Let h(o) = -5 + 42*o**2 - 4 - 27*o + 38. Is h(8) a composite number?
True
Let d(u) = -40*u**3 + 3*u**2 - 2*u - 7. Let z(l) = 39*l**3 - 4*l**2 + 3*l + 8. Let k(o) = 7*d(o) + 6*z(o). Is k(-4) composite?
False
Is (262/(-6))/(2/37 - (-410993)/(-7595841)) prime?
False
Suppose -434040 + 2611586 = 14*d - 5618592. Is d a prime number?
True
Suppose -965*r - 65598 = -971*r. Suppose 7*p - r = 46166. Is p prime?
False
Let n(t) be the third derivative of 227*t**7/1680 - 11*t**6/720 - 41*t**5/60 - 28*t**2. Let j(k) be the third derivative of n(k). Is j(10) a composite number?
True
Is ((45 - 42) + -1)*169457/2 prime?
True
Let y = 95722 + 22805. Is y a composite number?
True
Suppose q = -4*m + 6, -2*q - 3*m - 23 = -4*q. Let t = -7 + q. Suppose c = -d + t*d + 497, 3*c - d = 1491. Is c a prime number?
False
Let d = 149843 - 35296. Is d prime?
True
Let o = -35219 - -235480. Is o prime?
False
Let l = -584 + 326. Let m(p) = 55*p - 26. Let f be m(9). Let s = f + l. Is s composite?
False
Let v(a) = -a + 14. Let u be v(4). Suppose -u*g - 24383 = -6463. Let b = -995 - g. Is b prime?
True
Let j(w) be the third derivative of -91*w**4/6 + 5*w**3/3 + 28*w**2. Let i be j(3). Is 4 + (-20)/4 - i a composite number?
True
Let a be (-8)/3 - (-2 + (-1)/(-3)). Let g(j) = -91*j - 6. Is g(a) composite?
True
Let t = 1371 - 744. Suppose -5*d + 1882 = t. Is d a prime number?
True
Let r(w) = 488*w + 32. Let k be r(5). Let d = -1371 + k. Is d a prime number?
False
Let c(s) be the third derivative of -s**6/120 + s**5/60 + s**4/2 - s**3 + 5*s**2 + 615. Suppose 3 - 33 = 3*k. Is c(k) a prime number?
False
Let k = 13117 - -197616. Is k composite?
True
Let b = -1276 + 734. Let p = -15 - b. Is p a prime number?
False
Let m(f) = -20*f**2 - 4*f + 3. Let k be m(8). Suppose 17*o - 26*o + 7101 = 0. Let a = o - k. Is a prime?
False
Suppose -4*p - 2*o = 12, 3*p - 5*o = -4*o + 1. Let y(n) = -n - 3. Let u be y(p). Is (u - ((-12)/(-4) - 4))*-223 a composite number?
False
Let z(o) = -12*o + 125. Let j be z(10). Suppose -7772 + 33507 = j*l. Is l a composite number?
False
Suppose -49 - 287 = -42*z. Suppose 5*g + 2344 = b, -z*g = -3*b - 9*g + 7080. Is b a composite number?
True
Let t = 10133 - -1722. Is t prime?
False
Suppose -218*g + 23776377 = -27910769. Is g a composite number?
True
Let b = 2024 + -909. Suppose 2*d - d - b = 0. Suppose -d = -5*h + 1470. Is h a composite number?
True
Let i(l) = -3 - 2 - 13290*l + 91*l**2 + 167*l**2 + 13288*l + 4. Let o = 5 + -6. Is i(o) composite?
True
Let p(v) = -v**2 + 19*v + 38. Let y be p(20). Let k(i) = 8*i + 115. Is k(y) composite?
True
Is (427480/(-30))/(2 + (-102)/45) composite?
True
Let l(k) = -k**3 - 3*k**2 + 11*k - 18. Let n(b) = -b**2 - b**3 - 10 + 2*b**3 + 4*b**2 + 29 - 12*b. Let v(a) = 6*l(a) + 5*n(a). Is v(-8) composite?
True
Let j(p) = -8547*p - 10. Let z be j(-2). Is 2/(8/z) + -6 prime?
False
Let j = 13573 - 4361. Let f = 15561 - j. Is f a composit